 33/3 + (-220)/(-4) is divided by i(3)?
6
Calculate the remainder when 34133/116 - 18/8 is divided by 55.
17
Let i be (-1)/((3/18)/(-1)). Let f(n) = -n**3 + 5*n**2 + 8*n + 2. Suppose 1098 = -18*u + 1728. What is the remainder when u is divided by f(i)?
7
Let j(a) = a**3 + a**2 - 64*a - 47. Calculate the remainder when (-2)/4 - 190/(-4) is divided by j(8).
13
Let u(c) = -153*c - 279. Let f be 2 - 3/3*-1. Suppose -d = -12 - f. Calculate the remainder when u(-2) is divided by d.
12
Let s(t) = -t**2 - 24*t + 57. Let o = 807 + -829. Calculate the remainder when s(o) is divided by 20.
1
Suppose 51 = 2*t - 59. Suppose -3*c + 12*c = -36. Let p = c + 18. Calculate the remainder when t is divided by p.
13
Let b = 2423 - 2285. What is the remainder when 7312 is divided by b?
136
Let u = -3 + 8. Let s be 9/(-1) - (26 + -9 + -26). Suppose 0 = u*n - 5*l - 115, -3*l = -4*n - s*n + 87. What is the remainder when n is divided by 3?
0
Suppose 3*w + 5*m = -22, 62*w = 61*w + 3*m + 30. Let a(f) = 2*f**2 + 3*f. Calculate the remainder when a(-4) is divided by w.
2
Let x(f) = 4*f**2 - 5*f + 9. Suppose 1341 = -26*o - 70*o + 4989. What is the remainder when x(8) is divided by o?
35
Suppose 3*k - 636 = -2*l - 2*k, 311 = l - k. Suppose -15*s = -137 - l. Calculate the remainder when 234 is divided by s.
24
Let k(a) = -a**3 + 7*a**2 + 2*a + 8. Let v be k(6). What is the remainder when (v/(-3))/((-17)/51) is divided by 12?
8
Calculate the remainder when ((-6183)/(-12))/((-108)/(-144)) is divided by 54.
39
Let q be 64 - (12/14)/(1/(-7)). Suppose w + q = 218. Suppose -50 = 2*j - 4*j. Calculate the remainder when w is divided by j.
23
Let b = -21196 + 21930. Calculate the remainder when b is divided by 200.
134
Suppose 4*c + 5*d - 10 = 0, -4*d - 4 = -c - 6*d. Calculate the remainder when c - (-179 - -1) - 3 is divided by 16.
15
Suppose 20*n = 18*n + 20. Suppose 0 = -n*i + 11 + 39. Calculate the remainder when 5 is divided by i/3*81/45.
2
What is the remainder when 81 is divided by (145 - 3)*(-7 - (-135)/18) + 0?
10
Let r = 44 + -41. Let d be 22/r - (77/21)/11. Suppose 5 = x - d. Calculate the remainder when 130 is divided by x.
10
Let y(v) = v**3 + 5*v**2 - 33*v - 86. What is the remainder when y(-3) is divided by 30?
1
Suppose -11*b - 20*b + 16354 = 3*b. What is the remainder when 1444 is divided by b?
1
Suppose -i = i + 5*b, -23 = -3*i + 4*b. What is the remainder when 147 is divided by (-3 - i/(-3))*(-19 - -16)?
3
Suppose 3*k - 577 = 4*n, -5*k + 0*k = 3*n - 923. Let v = k - 172. What is the remainder when 36 is divided by v?
6
Let b(k) = 30*k**2 - 128*k + 255. Calculate the remainder when 707 is divided by b(2).
112
Suppose 8*a - 36 = -2*q, 30*a = -2*q + 27*a + 21. Calculate the remainder when 454 is divided by q.
4
Let f(l) = 10*l - 154. Let b be f(15). Calculate the remainder when 125 is divided by b/((35/20)/(-7)).
13
Suppose -30*a - 52*a + 377483 = -21365. What is the remainder when a is divided by 5?
4
Suppose 109*l - 110*l = 2*q - 61, -3*q + 87 = 3*l. What is the remainder when 797 is divided by q?
29
Let z(t) = t**3 + 49*t**2 - 262*t + 63. What is the remainder when z(-53) is divided by 181?
179
What is the remainder when ((-204960)/(-49) - 3) + 34/238 is divided by 33?
22
Suppose -2783 + 34911 = 16*q. Calculate the remainder when q is divided by 23.
7
Suppose -20*v + 16*v + 2*o = -2718, v - o - 679 = 0. What is the remainder when v is divided by 19?
15
Let y(z) = -2*z**3 - 36*z**2 - 74*z - 70. Calculate the remainder when y(-16) is divided by 74.
16
Suppose -116 = -248*x + 245*x - 2*u, -2*x - 2*u = -80. Let i be 29 + 3 + -1 + -1. What is the remainder when x is divided by (30 - 0)*i/50?
0
Suppose -2*m = 11*u - 10*u - 12, 5*u + 5*m - 35 = 0. Suppose 512 = u*k + 6*k. What is the remainder when k is divided by 13?
12
Let c = -14743 + 15799. What is the remainder when c is divided by 208?
16
Suppose -220 = 37*w - 41*w. Let z = 94 - w. What is the remainder when z is divided by (-4)/30 - 912/(-90)?
9
Suppose -2*u = -31*u + 18995. Calculate the remainder when u is divided by 55.
50
Calculate the remainder when 156 is divided by (2352/140 - 17) + 512/10.
3
Let r(b) = 3*b + 53. Suppose -4*i - 4*h + 3 - 55 = 0, -3*i = 5*h + 41. Calculate the remainder when r(i) is divided by 11.
6
Let l = -551 - -598. Calculate the remainder when 195 is divided by l.
7
Let t(c) = -c**3 + 4*c**2 + 10*c + 22. What is the remainder when 59 is divided by t(6)?
9
Suppose -77*t + 7*t = -t - 7728. What is the remainder when t is divided by 332/14 - 2/(-7)?
16
Suppose -4*r + 78 = 4*v + r, 5*v - 83 = r. Let b(x) = -x**2 - 2*x + 2. What is the remainder when v is divided by b(-2)?
1
Suppose -5*s + 2070 = -5*o, 2*o - 6*o = 12. Let h = 420 - s. Calculate the remainder when 71 is divided by h.
8
Let y = -1 + 5. Let q(j) = j**2 - 37*j + 110. Let r be q(34). Calculate the remainder when y is divided by r/22 - (-42)/66.
0
Suppose 5*m - 475 = -5*o - 30, 0 = 5*o + m - 449. Suppose 2*s - 2*c = o, -2*c = -3*s + 3*c + 141. Calculate the remainder when 138 is divided by s.
12
Suppose -5*o - 129 = -3*k, 575*k - o + 271 = 580*k. Calculate the remainder when k is divided by 40.
13
Suppose 510*h - 268*h + 6188 = 259*h. What is the remainder when h is divided by 42?
28
Suppose 3*f + f = -z - 12, -3*f = -2*z - 46. Let h = z + 128. Suppose -w = -0*w + 4*m - 42, -2*w + h = -4*m. What is the remainder when w is divided by 18?
14
Suppose 4*j + 18 - 118 = -4*x, -3*j = -2*x - 55. Suppose -36*u + j*u = -1005. What is the remainder when u is divided by 13?
2
Let t(u) = 3*u**3 - 52*u**2 - 2076*u - 76. What is the remainder when (-1*1)/((-2)/82) is divided by t(-19)?
3
Let j = 103 - 101. Suppose -j*w + 304 = -w - 3*s, -2*s + 1230 = 4*w. Let c = w - 194. What is the remainder when c is divided by 38?
37
Let i(f) = -308*f - 1452. Calculate the remainder when i(-6) is divided by 304.
92
Let r(c) = 13*c + 5. Calculate the remainder when r(5) is divided by (-45)/2*(-17 - (-1323)/81).
10
Let m = 252 - 248. Suppose 2*l - 32 = m*r, 100 = 5*l - 4*r - r. What is the remainder when 57 is divided by l?
9
Let q = -4801 - -4839. What is the remainder when 610 is divided by q?
2
Let z(q) = q - 13. Let s(j) = -j - 11. Let b(t) = 4*s(t) - 3*z(t). Let l be ((-15)/(-9) + -2)*3. Calculate the remainder when 16 is divided by b(l).
0
Suppose -8*c = -213 + 77. Suppose 118 = -13*x + c*x - 3*n, -4*x + 110 = n. Calculate the remainder when 83 is divided by x.
27
Suppose -5*p - 2*i = -72, -80 = -i - 84. Let o(m) = -10*m**3 + m**2 + m + 1. Calculate the remainder when p is divided by o(-1).
5
Let s = -230 + 398. What is the remainder when 327 is divided by s?
159
Suppose -4*q + x + 1207 - 106 = 0, -817 = -3*q - x. Calculate the remainder when q is divided by 62.
26
Suppose 0 = -827*g + 282*g + 115540. What is the remainder when g is divided by 175?
37
Suppose -3*n = w - 19, 2*w - 3*n = 43 + 22. Let l be (14 + -2)*(-5)/(-15). What is the remainder when l/2 - (-25)/(175/756) is divided by w?
26
Let a(r) = 2*r**3 - 18*r**2 + 31*r - 30. What is the remainder when a(9) is divided by 11?
7
Let q(p) = -p**3 + 29*p**2 - 177*p - 14. Let g(s) = -5*s - 15. What is the remainder when q(20) is divided by g(-7)?
6
Suppose 34*f - 27*f + 3172 = 11180. What is the remainder when f is divided by 130?
104
Let o(t) = 4*t**2 + 4*t - 4. Suppose 0 = 2*x - 5 - 5. Suppose -4*h + 2*f = -18, x*h + 0*f - 5 = -f. Calculate the remainder when 56 is divided by o(h).
16
Let c = 84 - 54. Suppose -c*l + 9*l = -378. Suppose 4*j = -s + 69, 0 = -s - 2*s - 3*j + 207. Calculate the remainder when s is divided by l.
15
Suppose 10*r + r = 55. Suppose -5*h + 25 = 0, -4*n + 3*h = 10 + r. Let j = n + 14. Calculate the remainder when 55 is divided by j.
13
Let m = -54 - -84. Let a be -9 - -7 - 1*14. Calculate the remainder when m is divided by (-1)/(((-10)/a)/(-5)).
6
Let l be (-3)/(18/(-40)) + (-24)/36. Suppose 90 = l*z - 0*z. What is the remainder when 24 is divided by z?
9
Let d(f) = f**2 + f - 22. Let a be d(5). Let n be 105/20 + (-2)/a. Suppose 0 = n*v - 0*v - 325. What is the remainder when v is divided by 22?
21
Suppose -5*q + 4*d - 188 = -773, -2*d + 615 = 5*q. Calculate the remainder when 199 is divided by q.
78
Let i(h) = -18 - 5*h + 26 - 54. Calculate the remainder when i(-20) is div